2.
2, 466373
List the prime factors of 15913328.
2, 994583
What are the prime factors of 189059?
13, 14543
What are the prime factors of 10514651?
7, 1502093
List the prime factors of 140501.
109, 1289
What are the prime factors of 172466?
2, 7, 97, 127
What are the prime factors of 13826809?
61, 226669
What are the prime factors of 139438?
2, 13, 31, 173
What are the prime factors of 5119090?
2, 5, 511909
List the prime factors of 13075987.
733, 17839
What are the prime factors of 76861?
101, 761
What are the prime factors of 376574?
2, 11, 17117
List the prime factors of 7533749.
7533749
What are the prime factors of 2080185?
3, 5, 138679
What are the prime factors of 220740?
2, 3, 5, 13, 283
List the prime factors of 357729.
3, 119243
List the prime factors of 11800759.
439, 26881
List the prime factors of 198215.
5, 29, 1367
List the prime factors of 668815.
5, 7, 97, 197
List the prime factors of 1818620.
2, 5, 90931
List the prime factors of 162133.
73, 2221
What are the prime factors of 5689021?
13, 47, 9311
List the prime factors of 6070789.
6070789
List the prime factors of 468990.
2, 3, 5, 193
What are the prime factors of 185245?
5, 37049
List the prime factors of 861954.
2, 3, 19, 7561
List the prime factors of 4474569.
3, 11, 135593
What are the prime factors of 415052?
2, 11, 9433
List the prime factors of 207429.
3, 69143
What are the prime factors of 1110016?
2, 271
What are the prime factors of 383288?
2, 47911
What are the prime factors of 814058?
2, 7, 58147
List the prime factors of 35424.
2, 3, 41
What are the prime factors of 5862873?
3, 1954291
List the prime factors of 211414.
2, 7, 15101
What are the prime factors of 42206017?
7, 6029431
List the prime factors of 1629754.
2, 7, 116411
List the prime factors of 15414832.
2, 963427
What are the prime factors of 13313929?
29, 97, 4733
List the prime factors of 1700899.
19, 89521
What are the prime factors of 106218?
2, 3, 7, 281
What are the prime factors of 809700?
2, 3, 5, 2699
What are the prime factors of 306156?
2, 3, 31, 823
List the prime factors of 646743.
3, 193, 1117
What are the prime factors of 1567285?
5, 331, 947
List the prime factors of 10419508.
2, 11, 236807
What are the prime factors of 17278392?
2, 3, 17, 42349
List the prime factors of 1166138.
2, 583069
What are the prime factors of 382510?
2, 5, 29, 1319
List the prime factors of 757197.
3, 7, 17, 101
What are the prime factors of 171557?
23, 7459
List the prime factors of 121895.
5, 24379
What are the prime factors of 1894655?
5, 7, 54133
What are the prime factors of 16278837?
3, 2027, 2677
List the prime factors of 236494.
2, 118247
List the prime factors of 1073383.
1073383
List the prime factors of 9562133.
7, 1366019
What are the prime factors of 382946?
2, 191473
List the prime factors of 375662.
2, 7, 26833
List the prime factors of 124759.
124759
List the prime factors of 890635.
5, 178127
What are the prime factors of 8030004?
2, 3, 669167
List the prime factors of 244233.
3, 11, 2467
What are the prime factors of 146011?
146011
List the prime factors of 534802.
2, 267401
What are the prime factors of 321313?
321313
What are the prime factors of 6972278?
2, 17, 19, 43, 251
What are the prime factors of 1040067?
3, 7, 5503
What are the prime factors of 148185?
3, 5, 37, 89
List the prime factors of 9592670.
2, 5, 959267
What are the prime factors of 1097432?
2, 7, 19597
List the prime factors of 640384.
2, 5003
List the prime factors of 18759192.
2, 3, 781633
What are the prime factors of 767050?
2, 5, 23, 29
What are the prime factors of 2310568?
2, 13, 1709
What are the prime factors of 1274849?
313, 4073
List the prime factors of 12001127.
73, 79, 2081
What are the prime factors of 1630988?
2, 407747
What are the prime factors of 2074664?
2, 37, 43, 163
List the prime factors of 134950.
2, 5, 2699
What are the prime factors of 16366176?
2, 3, 56827
List the prime factors of 13777374.
2, 3, 13, 173, 1021
What are the prime factors of 521451?
3, 7, 31, 89
What are the prime factors of 1546937?
7, 383, 577
What are the prime factors of 1042424?
2, 130303
What are the prime factors of 694568?
2, 7, 79, 157
List the prime factors of 189219.
3, 63073
What are the prime factors of 183787?
17, 19, 569
List the prime factors of 11655579.
3, 13, 298861
What are the prime factors of 281303?
11, 107, 239
What are the prime factors of 634137?
3, 7, 30197
List the prime factors of 636031.
11, 67, 863
List the prime factors of 41662.
2, 37, 563
List the prime factors of 13831407.
3, 1536823
List the prime factors of 1903585.
5, 317, 1201
List the prime factors of 11785638.
2, 3, 1283, 1531
List the prime factors of 188421.
3, 181, 347
What are the prime factors of 264096?
2, 3, 7, 131
What are the prime factors of 850487?
11, 77317
What are the prime factors of 230093?
43, 5351
List the prime factors of 1614868.
2, 403717
What are the prime factors of 59842?
2, 29921
What are the prime factors of 103389?
3, 11, 13, 241
List the prime factors of 186658.
2, 93329
What are the prime factors of 5381136?
2, 3, 37369
List the prime factors of 1126651.
89, 12659
What are the prime factors of 12066620?
2, 5, 89, 6779
What are the prime factors of 3884504?
2, 13, 41, 911
What are the prime factors of 13495967?
13495967
List the prime factors of 242541.
3, 13, 691
What are the prime factors of 77511?
3, 7, 3691
What are the prime factors of 207023?
23, 9001
What are the prime factors of 837909?
3, 157, 593
List the prime factors of 1581970.
2, 5, 13, 43, 283
List the prime factors of 4631526.
2, 3, 199, 431
What are the prime factors of 284552?
2, 35569
List the prime factors of 567901.
43, 47, 281
What are the prime factors of 5231283?
3, 1743761
What are the prime factors of 132276?
2, 3, 73, 151
What are the prime factors of 31883?
31883
List the prime factors of 21562826.
2, 379, 28447
List the prime factors of 34592744.
2, 4324093
List the prime factors of 1128985.
5, 11, 13, 1579
List the prime factors of 18191895.
3, 5, 1212793
What are the prime factors of 2372594?
2, 7, 169471
What are the prime factors of 21710?
2, 5, 13, 167
What are the prime factors of 131978?
2, 7, 11, 857
List the prime factors of 10897576.
2, 43, 79, 401
What are the prime factors of 2421806?
2, 1210903
What are the prime factors of 4304178?
2, 3, 163
List the prime factors of 184124.
2, 191, 241
List the prime factors of 416592.
2, 3, 11, 263
List the prime factors of 337487.
337487
List the prime factors of 95361.
3, 7, 19, 239
What are the prime factors of 21422652?
2, 3, 17, 19, 5527
List the prime factors of 210810.
2, 3, 5, 7027
What are the prime factors of 2226686?
2, 7, 11, 19, 761
What are the prime factors of 1569043?
7, 224149
What are the prime factors of 319868?
2, 79967
List the prime factors of 11810.
2, 5, 1181
What are the prime factors of 110546?
2, 31, 1783
List the prime factors of 127953.
3, 7, 677
What are the prime factors of 2610016?
2, 81563
What are the prime factors of 576619?
197, 2927
List the prime factors of 6894669.
3, 2298223
List the prime factors of 3191764.
2, 61, 103, 127
What are the prime factors of 24339786?
2, 3, 557, 7283
List the prime factors of 1952868.
2, 3, 162739
List the prime factors of 3767446.
2, 23, 81901
List the prime factors of 2112030.
2, 3, 5, 31, 757
What are the prime factors of 41649?
3, 13883
What are the prime factors of 3253564?
2, 53, 103, 149
What are the prime factors of 1603811?
11, 211, 691
List the prime factors of 268177.
7, 13, 421
What are the prime factors of 5929284?
2, 3, 494107
List the prime factors of 5318484.
2, 3, 17, 29, 31
What are the prime factors of 17131046?
2, 19, 450817
List the prime factors of 1973291.
1973291
List the prime factors of 1710924.
2, 3, 23, 6199
List the prime factors of 2118357.
3, 53, 4441
List the prime factors of 1820639.
47, 38737
What are the prime factors of 9317647?
73, 109, 1171
What are the prime factors of 329415?
3, 5, 21961
What are the prime factors of 105472?
2, 103
List the prime factors of 925439.
149, 6211
What are the prime factors of 38038?
2, 7, 11, 13, 19
What are the prime factors of 3096986?
2, 1548493
List the prime factors of 834930.
2, 3, 5, 9277
What are the prime factors of 1819007?
1819007
L